{"id":211,"date":"2017-03-27T16:10:57","date_gmt":"2017-03-27T16:10:57","guid":{"rendered":"http:\/\/www.aon.es\/site\/redexisgas\/?page_id=211"},"modified":"2022-11-29T12:55:51","modified_gmt":"2022-11-29T12:55:51","slug":"consultas-sobre-redexisgas","status":"publish","type":"page","link":"https:\/\/www.aon.es\/site\/redexisgas\/consultas-sobre-redexisgas\/","title":{"rendered":"Consultas sobre el seguro de Redexis Gas"},"content":{"rendered":"<div id='full_slider_1'  class='avia-fullwidth-slider main_color avia-shadow   avia-builder-el-0  el_before_av_submenu  avia-builder-el-first   container_wrap fullsize'  ><div  class='avia-slideshow av-sm97-2443fce0dce2eed1016857f36b3ba3be avia-slideshow-featured av_slideshow_full avia-slide-slider av-slideshow-ui av-control-default av-slideshow-manual av-loop-once av-loop-manual-endless av-default-height-applied   avia-slideshow-1' data-slideshow-options=\"{&quot;animation&quot;:&quot;slide&quot;,&quot;autoplay&quot;:false,&quot;loop_autoplay&quot;:&quot;once&quot;,&quot;interval&quot;:5,&quot;loop_manual&quot;:&quot;manual-endless&quot;,&quot;autoplay_stopper&quot;:false,&quot;noNavigation&quot;:false,&quot;bg_slider&quot;:false,&quot;keep_padding&quot;:false,&quot;hoverpause&quot;:false,&quot;show_slide_delay&quot;:0}\"  itemprop=\"image\" itemscope=\"itemscope\" itemtype=\"https:\/\/schema.org\/ImageObject\" ><ul class='avia-slideshow-inner ' style='padding-bottom: 30.80229226361%;'><li  class='avia-slideshow-slide av-sm97-2443fce0dce2eed1016857f36b3ba3be__0  av-single-slide slide-1 slide-odd'><div data-rel='slideshow-1' class='avia-slide-wrap '   ><div class='av-slideshow-caption av-sm97-2443fce0dce2eed1016857f36b3ba3be__0 caption_fullwidth caption_left caption_left_framed caption_framed'><div class=\"container caption_container\"><div class=\"slideshow_caption\"><div class=\"slideshow_inner_caption\"><div class=\"slideshow_align_caption\"><h2 class='avia-caption-title '  itemprop=\"name\" >COMPROMISO CON NUESTROS EMPLEADOS<\/h2><\/div><\/div><\/div><\/div><\/div><img decoding=\"async\" fetchpriority=\"high\" class=\"wp-image-154 avia-img-lazy-loading-not-154\"  src=\"https:\/\/www.aon.es\/site\/redexisgas\/wp-content\/uploads\/sites\/46\/2017\/03\/portada1-1396x430.jpg\" width=\"1396\" height=\"430\" title='portada1' alt=''  itemprop=\"thumbnailUrl\"   \/><\/div><\/li><\/ul><\/div><\/div>\n<div class='clear'><\/div><div id='sub_menu1'  class='av-submenu-container av-1xlwcr-0328a3345b94ac7148efbd81d1f9996c main_color  avia-builder-el-1  el_after_av_slideshow_full  el_before_av_one_full  av-sticky-submenu submenu-not-first container_wrap fullsize' style='z-index:301' ><div class='container av-menu-mobile-disabled av-submenu-pos-center'><ul id=\"menu-preguntas-frecuentes\" class=\"av-subnav-menu\" role=\"menu\"><li role=\"menuitem\" id=\"menu-item-133\" class=\"menu-item menu-item-type-post_type menu-item-object-page menu-item-top-level menu-item-top-level-1\"><a href=\"https:\/\/www.aon.es\/site\/redexisgas\/faqs-consultas-sobre-adeslas\/\" itemprop=\"url\" tabindex=\"0\"><span class=\"avia-bullet\"><\/span><span class=\"avia-menu-text\">Consultas sobre Adeslas<\/span><span class=\"avia-menu-fx\"><span class=\"avia-arrow-wrap\"><span class=\"avia-arrow\"><\/span><\/span><\/span><\/a><\/li>\n<li role=\"menuitem\" id=\"menu-item-132\" class=\"menu-item menu-item-type-post_type menu-item-object-page menu-item-top-level menu-item-top-level-2\"><a href=\"https:\/\/www.aon.es\/site\/redexisgas\/faqs-autorizacion-adeslas\/\" itemprop=\"url\" tabindex=\"0\"><span class=\"avia-bullet\"><\/span><span class=\"avia-menu-text\">Servicios que requieren autorizaci\u00f3n de Adeslas<\/span><span class=\"avia-menu-fx\"><span class=\"avia-arrow-wrap\"><span class=\"avia-arrow\"><\/span><\/span><\/span><\/a><\/li>\n<li role=\"menuitem\" id=\"menu-item-216\" class=\"menu-item menu-item-type-post_type menu-item-object-page menu-item-top-level menu-item-top-level-3\"><a href=\"https:\/\/www.aon.es\/site\/redexisgas\/consultas-sobre-redexisgas\/\" itemprop=\"url\" tabindex=\"0\"><span class=\"avia-bullet\"><\/span><span class=\"avia-menu-text\">Consultas sobre el seguro de Redexis<\/span><span class=\"avia-menu-fx\"><span class=\"avia-arrow-wrap\"><span class=\"avia-arrow\"><\/span><\/span><\/span><\/a><\/li>\n<li role=\"menuitem\" id=\"menu-item-221\" class=\"menu-item menu-item-type-post_type menu-item-object-page menu-item-top-level menu-item-top-level-4\"><a href=\"https:\/\/www.aon.es\/site\/redexisgas\/consultas-sobrealtasybajas\/\" itemprop=\"url\" tabindex=\"0\"><span class=\"avia-bullet\"><\/span><span class=\"avia-menu-text\">Consultas sobre gesti\u00f3n altas y bajas<\/span><span class=\"avia-menu-fx\"><span class=\"avia-arrow-wrap\"><span class=\"avia-arrow\"><\/span><\/span><\/span><\/a><\/li>\n<\/ul><\/div><\/div><div class='sticky_placeholder'><\/div><div id='after_submenu_1'  class='main_color av_default_container_wrap container_wrap fullsize'  ><div class='container av-section-cont-open' ><div class='template-page content  av-content-full alpha units'><div class='post-entry post-entry-type-page post-entry-211'><div class='entry-content-wrapper clearfix'>\n\n<style type=\"text\/css\" data-created_by=\"avia_inline_auto\" id=\"style-css-av-1e2d6z-724e7c25c41e8662c50ca0df4e5b8c77\">\n.flex_column.av-1e2d6z-724e7c25c41e8662c50ca0df4e5b8c77{\nborder-radius:0px 0px 0px 0px;\npadding:0px 0px 0px 0px;\n}\n<\/style>\n<div  class='flex_column av-1e2d6z-724e7c25c41e8662c50ca0df4e5b8c77 av_one_full  avia-builder-el-2  el_after_av_submenu  avia-builder-el-no-sibling  first flex_column_div av-zero-column-padding  '     ><p>\n<style type=\"text\/css\" data-created_by=\"avia_inline_auto\" id=\"style-css-av-gk4t7-7ebeee51b04955a6d230741e2339f5ac\">\n#top .av-special-heading.av-gk4t7-7ebeee51b04955a6d230741e2339f5ac{\npadding-bottom:10px;\ncolor:#018b96;\n}\nbody .av-special-heading.av-gk4t7-7ebeee51b04955a6d230741e2339f5ac .av-special-heading-tag .heading-char{\nfont-size:25px;\n}\n.av-special-heading.av-gk4t7-7ebeee51b04955a6d230741e2339f5ac .special-heading-inner-border{\nborder-color:#018b96;\n}\n.av-special-heading.av-gk4t7-7ebeee51b04955a6d230741e2339f5ac .av-subheading{\nfont-size:15px;\n}\n<\/style>\n<div  class='av-special-heading av-gk4t7-7ebeee51b04955a6d230741e2339f5ac av-special-heading-h3 custom-color-heading  avia-builder-el-3  el_before_av_toggle_container  avia-builder-el-first '><h3 class='av-special-heading-tag '  itemprop=\"headline\"  >Consultas sobre el seguro de Redexis<\/h3><div class=\"special-heading-border\"><div class=\"special-heading-inner-border\"><\/div><\/div><\/div><br \/>\n<div  class='togglecontainer av-3tv4j-91341ef25750f6664c0db6900f09eaa4  avia-builder-el-4  el_after_av_heading  avia-builder-el-last  toggle_close_all' >\n<section class='av_toggle_section av-14ne9f-799b15f516bc04f8e8a9cdec46275853'  itemscope=\"itemscope\" itemtype=\"https:\/\/schema.org\/CreativeWork\" ><div role=\"tablist\" class=\"single_toggle\" data-tags=\"{Todo} \"  ><p id='toggle-toggle-id-1' data-fake-id='#toggle-id-1' class='toggler  av-title-above '  itemprop=\"headline\"  role='tab' tabindex='0' aria-controls='toggle-id-1' data-slide-speed=\"200\" data-title=\"\u00bfQu\u00e9 cubre el seguro m\u00e9dico de Redexis?\" data-title-open=\"\" data-aria_collapsed=\"Click to expand: \u00bfQu\u00e9 cubre el seguro m\u00e9dico de Redexis?\" data-aria_expanded=\"Click to collapse: \u00bfQu\u00e9 cubre el seguro m\u00e9dico de Redexis?\">\u00bfQu\u00e9 cubre el seguro m\u00e9dico de Redexis?<span class=\"toggle_icon\"><span class=\"vert_icon\"><\/span><span class=\"hor_icon\"><\/span><\/span><\/p><div id='toggle-id-1' aria-labelledby='toggle-toggle-id-1' role='region' class='toggle_wrap  av-title-above'  ><div class='toggle_content invers-color '  itemprop=\"text\" ><p>La p\u00f3liza de seguro m\u00e9dico de la que podr\u00e1s beneficiarte como empleado de Redexis es de Asistencia sanitaria a trav\u00e9s del Cuadro M\u00e9dico concertado por la aseguradora <a href=\"http:\/\/www.aon.es\/site\/redexisgas\/wp-content\/uploads\/sites\/46\/2017\/03\/cond.-generales-Adeslas-Completa-2015.pdf\">(descargar condicionado general)<\/a>. Esto significa que podr\u00e1s acudir a todos los servicios del cuadro m\u00e9dico de Adeslas sin ning\u00fan coste adicional (\u00fanicamente presentando\u00a0 tu tarjeta de asegurado).Adicionalmente incluye la cobertura dental a trav\u00e9s del\u00a0 suplemento dental franquiciado.A continuaci\u00f3n te facilitamos un resumen general de las coberturas del seguro:<\/p>\n<ul>\n<li>Medicina general y pediatr\u00eda<\/li>\n<li>Especialidades: ginecolog\u00eda, oftalmolog\u00eda, dermatolog\u00eda, traumatolog\u00eda, rehabilitaci\u00f3n y fisioterapia, cardiolog\u00eda, oncolog\u00eda, etc.<\/li>\n<li>Hospitalizaci\u00f3n:<\/li>\n<\/ul>\n<p>Con y sin intervenci\u00f3n quir\u00fargica: habitaci\u00f3n individual con cama de acompa\u00f1ante; ambulancia.<\/p>\n<ul>\n<li>Hospitalizaci\u00f3n en UVI<\/li>\n<li>Hospitalizaci\u00f3n psiqui\u00e1trica<\/li>\n<li>Parto, y todo lo relacionado con \u00e9l:\n<ul>\n<li>Pruebas prenatales: anal\u00edticas, ecograf\u00edas, curva de tolerancia oral a la glucosa, amniocentesis, etc.<\/li>\n<li>Preparaci\u00f3n al parto<\/li>\n<li>Habitaci\u00f3n individual con cama de acompa\u00f1ante<\/li>\n<li>Anestesia epidural<\/li>\n<li>Incubadora<\/li>\n<\/ul>\n<\/li>\n<li>Trasplantes<\/li>\n<li>Tratamientos especiales: Psicoterapia (incluso para trastornos alimentarios), quimioterapia, di\u00e1lisis, oxigenoterapia ambulatoria y a domicilio, etc.<\/li>\n<li>Urgencias ambulatorias y hospitalarias<\/li>\n<li>Asistencia sanitaria en el extranjero, hasta un l\u00edmite de 12.000 \u20ac\/a\u00f1o<\/li>\n<\/ul>\n<\/div><\/div><\/div><\/section>\n<section class='av_toggle_section av-3jjzf-1fe960c288cc607478e62c3cc8266468'  itemscope=\"itemscope\" itemtype=\"https:\/\/schema.org\/CreativeWork\" ><div role=\"tablist\" class=\"single_toggle\" data-tags=\"{Todo} \"  ><p id='toggle-toggle-id-2' data-fake-id='#toggle-id-2' class='toggler  av-title-above '  itemprop=\"headline\"  role='tab' tabindex='0' aria-controls='toggle-id-2' data-slide-speed=\"200\" data-title=\"\u00bfDe qu\u00e9 nuevas garant\u00edas vamos a disfrutar?\" data-title-open=\"\" data-aria_collapsed=\"Click to expand: \u00bfDe qu\u00e9 nuevas garant\u00edas vamos a disfrutar?\" data-aria_expanded=\"Click to collapse: \u00bfDe qu\u00e9 nuevas garant\u00edas vamos a disfrutar?\">\u00bfDe qu\u00e9 nuevas garant\u00edas vamos a disfrutar?<span class=\"toggle_icon\"><span class=\"vert_icon\"><\/span><span class=\"hor_icon\"><\/span><\/span><\/p><div id='toggle-id-2' aria-labelledby='toggle-toggle-id-2' role='region' class='toggle_wrap  av-title-above'  ><div class='toggle_content invers-color '  itemprop=\"text\" ><p>Tu p\u00f3liza cuenta con las m\u00e1s amplias coberturas del mercado y nos complace informarte que desde el 2018 ,en las coberturas adem\u00e1s dispones de:<\/p>\n<ul>\n<li>Test de DNA fetal en sangre materna para el cribado prenatal<\/li>\n<li>Adem\u00e1s de la implantaci\u00f3n del DIU, ahora queda tambi\u00e9n incluido el coste del dispositivo<\/li>\n<\/ul>\n<\/div><\/div><\/div><\/section>\n<section class='av_toggle_section av-a9n9f-dd814f7407967ee6f04eb9d05e8698e1'  itemscope=\"itemscope\" itemtype=\"https:\/\/schema.org\/CreativeWork\" ><div role=\"tablist\" class=\"single_toggle\" data-tags=\"{Todo} \"  ><p id='toggle-toggle-id-3' data-fake-id='#toggle-id-3' class='toggler  av-title-above '  itemprop=\"headline\"  role='tab' tabindex='0' aria-controls='toggle-id-3' data-slide-speed=\"200\" data-title=\"Inclusi\u00f3n especial para Redexis\" data-title-open=\"\" data-aria_collapsed=\"Click to expand: Inclusi\u00f3n especial para Redexis\" data-aria_expanded=\"Click to collapse: Inclusi\u00f3n especial para Redexis\">Inclusi\u00f3n especial para Redexis<span class=\"toggle_icon\"><span class=\"vert_icon\"><\/span><span class=\"hor_icon\"><\/span><\/span><\/p><div id='toggle-id-3' aria-labelledby='toggle-toggle-id-3' role='region' class='toggle_wrap  av-title-above'  ><div class='toggle_content invers-color '  itemprop=\"text\" ><ul>\n<li>Hospitalizaci\u00f3n psiqui\u00e1trica SIN L\u00cdMITE<\/li>\n<li>Material de osteos\u00edntesis.<\/li>\n<li>Tratamientos menos invasivos para patolog\u00edas de la pr\u00f3stata, como el l\u00e1ser verde, entre otros.<\/li>\n<li>Logopedia, en caso de ser necesaria por procesos org\u00e1nicos<\/li>\n<li>Test de DNA fetal en sangre materna para el cribado prenatal<\/li>\n<li>Adem\u00e1s de la implantaci\u00f3n del DIU, ahora queda tambi\u00e9n incluido el coste del dispositivo<\/li>\n<li>Ambulancia urbana e interurbana SIN L\u00cdMITE de Kil\u00f3metros.<\/li>\n<li>Psiquiatr\u00eda y psicolog\u00eda: se incluyen los tratamientos de psicoterapia, individual o de grupo, deshabituaci\u00f3n del tabaquismo, alcoholismo o cualquier tipo de drogadicci\u00f3n.<\/li>\n<li>Asistencia Sanitaria derivada del S.I.D.A. con un l\u00edmite de 6.010,00 \u20ac<\/li>\n<li>Logopedia y Foniatr\u00eda SIN L\u00cdMITE en procesos org\u00e1nicos.<\/li>\n<li>Asistencia sanitaria derivada de alcoholismo para asegurados que est\u00e9n en proceso de deshabituaci\u00f3n del alcohol. Autolesiones\/ intentos de suicidio.<\/li>\n<li>Cirug\u00eda pl\u00e1stica y reparadora tras proceso oncol\u00f3gico y accidente de cualquier tipo.<\/li>\n<li>Radiofrecuencia de Cornetes (ORL).<\/li>\n<li>Cirug\u00eda Percut\u00e1nea Hallux Valgus.<\/li>\n<li>Coronariograf\u00edas virtuales (DMD) con TAC con Score de calcio. *Seg\u00fan valoraci\u00f3n de la Compa\u00f1\u00eda y del informe m\u00e9dico correspondiente.<\/li>\n<li>Neuronavegador *Seg\u00fan valoraci\u00f3n del informe m\u00e9dico por parte de la aseguradora.<\/li>\n<li>Citogen\u00e9tica, para el diagn\u00f3stico de enfermedades.<\/li>\n<\/ul>\n<\/div><\/div><\/div><\/section>\n<section class='av_toggle_section av-l8a1v-09dc61ae379a131c5d76672ae717816e'  itemscope=\"itemscope\" itemtype=\"https:\/\/schema.org\/CreativeWork\" ><div role=\"tablist\" class=\"single_toggle\" data-tags=\"{Todo} \"  ><p id='toggle-toggle-id-4' data-fake-id='#toggle-id-4' class='toggler  av-title-above '  itemprop=\"headline\"  role='tab' tabindex='0' aria-controls='toggle-id-4' data-slide-speed=\"200\" data-title=\"\u00bfCon Adeslas tambi\u00e9n tenemos seguro dental?\" data-title-open=\"\" data-aria_collapsed=\"Click to expand: \u00bfCon Adeslas tambi\u00e9n tenemos seguro dental?\" data-aria_expanded=\"Click to collapse: \u00bfCon Adeslas tambi\u00e9n tenemos seguro dental?\">\u00bfCon Adeslas tambi\u00e9n tenemos seguro dental?<span class=\"toggle_icon\"><span class=\"vert_icon\"><\/span><span class=\"hor_icon\"><\/span><\/span><\/p><div id='toggle-id-4' aria-labelledby='toggle-toggle-id-4' role='region' class='toggle_wrap  av-title-above'  ><div class='toggle_content invers-color '  itemprop=\"text\" ><p>S\u00ed. Con Adeslas tambi\u00e9n dispondr\u00e1s de un seguro dental franquiciado \u201cAdeslas Dental\u201d, con el que puedes recibir tratamientos dentales en las cl\u00ednicas especializadas de Adeslas a precios especiales (franquicias), obteniendo considerables ahorros en estos tratamientos. Toda la informaci\u00f3n sobre las franquicias las recibir\u00e1s junto con las tarjetas de Adeslas y dem\u00e1s documentaci\u00f3n del seguro.Puedes consultar m\u00e1s informaci\u00f3n de este producto haciendo <a href=\"https:\/\/www.aon.es\/site\/redexisgas\/wp-content\/uploads\/sites\/46\/2022\/11\/Franquicias-2023-PLUS-DENTAL.pdf\">clic aqu\u00ed.<\/a><\/p>\n<\/div><\/div><\/div><\/section>\n<section class='av_toggle_section av-g3o7v-7f7d6ab60cc5d20d6ab04b606684f98c'  itemscope=\"itemscope\" itemtype=\"https:\/\/schema.org\/CreativeWork\" ><div role=\"tablist\" class=\"single_toggle\" data-tags=\"{Todo} \"  ><p id='toggle-toggle-id-5' data-fake-id='#toggle-id-5' class='toggler  av-title-above '  itemprop=\"headline\"  role='tab' tabindex='0' aria-controls='toggle-id-5' data-slide-speed=\"200\" data-title=\"\u00bfCu\u00e1les son las condiciones de adhesi\u00f3n al seguro? \" data-title-open=\"\" data-aria_collapsed=\"Click to expand: \u00bfCu\u00e1les son las condiciones de adhesi\u00f3n al seguro? \" data-aria_expanded=\"Click to collapse: \u00bfCu\u00e1les son las condiciones de adhesi\u00f3n al seguro? \">\u00bfCu\u00e1les son las condiciones de adhesi\u00f3n al seguro? <span class=\"toggle_icon\"><span class=\"vert_icon\"><\/span><span class=\"hor_icon\"><\/span><\/span><\/p><div id='toggle-id-5' aria-labelledby='toggle-toggle-id-5' role='region' class='toggle_wrap  av-title-above'  ><div class='toggle_content invers-color '  itemprop=\"text\" ><p>En el seguro de Adeslas podr\u00e1s acceder a todos los servicios:<\/p>\n<ul>\n<li>Sin copago por acto m\u00e9dico (\u00fanicamente deber\u00e1s presentar tu tarjeta de asegurado).<\/li>\n<li>Sin carencias ni preexistencias.<\/li>\n<\/ul>\n<\/div><\/div><\/div><\/section>\n<\/div><\/p><\/div>\n","protected":false},"excerpt":{"rendered":"","protected":false},"author":4,"featured_media":0,"parent":0,"menu_order":0,"comment_status":"closed","ping_status":"closed","template":"","meta":{"footnotes":""},"class_list":["post-211","page","type-page","status-publish","hentry"],"yoast_head":"<!-- This site is optimized with the Yoast SEO plugin v27.3 - https:\/\/yoast.com\/product\/yoast-seo-wordpress\/ -->\n<title>Consultas sobre el seguro de Redexis Gas - redexisgas<\/title>\n<meta name=\"robots\" content=\"noindex, follow, max-snippet:-1, max-image-preview:large, max-video-preview:-1\" \/>\n<meta property=\"og:locale\" content=\"es_ES\" \/>\n<meta property=\"og:type\" content=\"article\" \/>\n<meta property=\"og:title\" content=\"Consultas sobre el seguro de Redexis Gas - redexisgas\" \/>\n<meta property=\"og:url\" content=\"https:\/\/www.aon.es\/site\/redexisgas\/consultas-sobre-redexisgas\/\" \/>\n<meta property=\"og:site_name\" content=\"redexisgas\" \/>\n<meta property=\"article:modified_time\" content=\"2022-11-29T12:55:51+00:00\" \/>\n<meta name=\"twitter:card\" content=\"summary_large_image\" \/>\n<meta name=\"twitter:label1\" content=\"Tiempo de lectura\" \/>\n\t<meta name=\"twitter:data1\" content=\"4 minutos\" \/>\n<script type=\"application\/ld+json\" class=\"yoast-schema-graph\">{\"@context\":\"https:\\\/\\\/schema.org\",\"@graph\":[{\"@type\":\"WebPage\",\"@id\":\"https:\\\/\\\/www.aon.es\\\/site\\\/redexisgas\\\/consultas-sobre-redexisgas\\\/\",\"url\":\"https:\\\/\\\/www.aon.es\\\/site\\\/redexisgas\\\/consultas-sobre-redexisgas\\\/\",\"name\":\"Consultas sobre el seguro de Redexis Gas - redexisgas\",\"isPartOf\":{\"@id\":\"https:\\\/\\\/www.aon.es\\\/site\\\/redexisgas\\\/#website\"},\"datePublished\":\"2017-03-27T16:10:57+00:00\",\"dateModified\":\"2022-11-29T12:55:51+00:00\",\"breadcrumb\":{\"@id\":\"https:\\\/\\\/www.aon.es\\\/site\\\/redexisgas\\\/consultas-sobre-redexisgas\\\/#breadcrumb\"},\"inLanguage\":\"es\",\"potentialAction\":[{\"@type\":\"ReadAction\",\"target\":[\"https:\\\/\\\/www.aon.es\\\/site\\\/redexisgas\\\/consultas-sobre-redexisgas\\\/\"]}]},{\"@type\":\"BreadcrumbList\",\"@id\":\"https:\\\/\\\/www.aon.es\\\/site\\\/redexisgas\\\/consultas-sobre-redexisgas\\\/#breadcrumb\",\"itemListElement\":[{\"@type\":\"ListItem\",\"position\":1,\"name\":\"Portada\",\"item\":\"https:\\\/\\\/www.aon.es\\\/site\\\/redexisgas\\\/inicio-2\\\/\"},{\"@type\":\"ListItem\",\"position\":2,\"name\":\"Consultas sobre el seguro de Redexis Gas\"}]},{\"@type\":\"WebSite\",\"@id\":\"https:\\\/\\\/www.aon.es\\\/site\\\/redexisgas\\\/#website\",\"url\":\"https:\\\/\\\/www.aon.es\\\/site\\\/redexisgas\\\/\",\"name\":\"redexisgas\",\"description\":\"Otro sitio m\u00e1s de Sitios de Aon\",\"potentialAction\":[{\"@type\":\"SearchAction\",\"target\":{\"@type\":\"EntryPoint\",\"urlTemplate\":\"https:\\\/\\\/www.aon.es\\\/site\\\/redexisgas\\\/?s={search_term_string}\"},\"query-input\":{\"@type\":\"PropertyValueSpecification\",\"valueRequired\":true,\"valueName\":\"search_term_string\"}}],\"inLanguage\":\"es\"}]}<\/script>\n<!-- \/ Yoast SEO plugin. -->","yoast_head_json":{"title":"Consultas sobre el seguro de Redexis Gas - redexisgas","robots":{"index":"noindex","follow":"follow","max-snippet":"max-snippet:-1","max-image-preview":"max-image-preview:large","max-video-preview":"max-video-preview:-1"},"og_locale":"es_ES","og_type":"article","og_title":"Consultas sobre el seguro de Redexis Gas - redexisgas","og_url":"https:\/\/www.aon.es\/site\/redexisgas\/consultas-sobre-redexisgas\/","og_site_name":"redexisgas","article_modified_time":"2022-11-29T12:55:51+00:00","twitter_card":"summary_large_image","twitter_misc":{"Tiempo de lectura":"4 minutos"},"schema":{"@context":"https:\/\/schema.org","@graph":[{"@type":"WebPage","@id":"https:\/\/www.aon.es\/site\/redexisgas\/consultas-sobre-redexisgas\/","url":"https:\/\/www.aon.es\/site\/redexisgas\/consultas-sobre-redexisgas\/","name":"Consultas sobre el seguro de Redexis Gas - redexisgas","isPartOf":{"@id":"https:\/\/www.aon.es\/site\/redexisgas\/#website"},"datePublished":"2017-03-27T16:10:57+00:00","dateModified":"2022-11-29T12:55:51+00:00","breadcrumb":{"@id":"https:\/\/www.aon.es\/site\/redexisgas\/consultas-sobre-redexisgas\/#breadcrumb"},"inLanguage":"es","potentialAction":[{"@type":"ReadAction","target":["https:\/\/www.aon.es\/site\/redexisgas\/consultas-sobre-redexisgas\/"]}]},{"@type":"BreadcrumbList","@id":"https:\/\/www.aon.es\/site\/redexisgas\/consultas-sobre-redexisgas\/#breadcrumb","itemListElement":[{"@type":"ListItem","position":1,"name":"Portada","item":"https:\/\/www.aon.es\/site\/redexisgas\/inicio-2\/"},{"@type":"ListItem","position":2,"name":"Consultas sobre el seguro de Redexis Gas"}]},{"@type":"WebSite","@id":"https:\/\/www.aon.es\/site\/redexisgas\/#website","url":"https:\/\/www.aon.es\/site\/redexisgas\/","name":"redexisgas","description":"Otro sitio m\u00e1s de Sitios de Aon","potentialAction":[{"@type":"SearchAction","target":{"@type":"EntryPoint","urlTemplate":"https:\/\/www.aon.es\/site\/redexisgas\/?s={search_term_string}"},"query-input":{"@type":"PropertyValueSpecification","valueRequired":true,"valueName":"search_term_string"}}],"inLanguage":"es"}]}},"_links":{"self":[{"href":"https:\/\/www.aon.es\/site\/redexisgas\/wp-json\/wp\/v2\/pages\/211","targetHints":{"allow":["GET"]}}],"collection":[{"href":"https:\/\/www.aon.es\/site\/redexisgas\/wp-json\/wp\/v2\/pages"}],"about":[{"href":"https:\/\/www.aon.es\/site\/redexisgas\/wp-json\/wp\/v2\/types\/page"}],"author":[{"embeddable":true,"href":"https:\/\/www.aon.es\/site\/redexisgas\/wp-json\/wp\/v2\/users\/4"}],"replies":[{"embeddable":true,"href":"https:\/\/www.aon.es\/site\/redexisgas\/wp-json\/wp\/v2\/comments?post=211"}],"version-history":[{"count":15,"href":"https:\/\/www.aon.es\/site\/redexisgas\/wp-json\/wp\/v2\/pages\/211\/revisions"}],"predecessor-version":[{"id":518,"href":"https:\/\/www.aon.es\/site\/redexisgas\/wp-json\/wp\/v2\/pages\/211\/revisions\/518"}],"wp:attachment":[{"href":"https:\/\/www.aon.es\/site\/redexisgas\/wp-json\/wp\/v2\/media?parent=211"}],"curies":[{"name":"wp","href":"https:\/\/api.w.org\/{rel}","templated":true}]}}